 m(-1).
11
Let m(o) = 2*o**3 - 826*o**2 + 4164*o - 298. Determine m(5).
122
Let j(r) = -1207*r + 4587. Calculate j(4).
-241
Let v(j) = 2*j**3 + 18*j**2 - 20*j - 22. Determine v(-6).
314
Let u(h) = -2*h**3 - 61*h**2 + 55*h - 131. What is u(-31)?
-875
Let w(k) = 1765*k - 16010. Give w(9).
-125
Let k(i) = -i**2 - 91*i - 30. Give k(-113).
-2516
Let y(i) = 91*i**2 + 10*i + 552. Determine y(0).
552
Let h(r) = 359*r**2 + 927*r - 930. What is h(1)?
356
Let q(t) = -19047*t - 57141. Give q(-3).
0
Let l(n) = -n**3 + 5*n**2 + 171*n + 512. Determine l(17).
-49
Let v(g) = -244*g + 13607. What is v(54)?
431
Let h(c) = 2*c**2 + 9*c - 278. Determine h(-11).
-135
Let q(i) = -i**3 + 82*i**2 + 1751*i + 16974. What is q(101)?
6
Let c(v) = 24*v**2 - 9431*v - 86819. What is c(-9)?
4
Let d(h) = 15216*h - 15203. What is d(1)?
13
Let q(v) = -131767*v - 263447. Calculate q(-2).
87
Let o(i) = 2*i**3 - 240*i**2 + 3566*i - 1065. Give o(17).
23
Let a(t) = -12*t**2 + 623*t - 5109. Calculate a(8).
-893
Let x(h) = 29875*h - 32444260. What is x(1086)?
-10
Let b(t) = -5404*t**2 + 53925*t + 14. What is b(10)?
-1136
Let z(b) = b**3 + 85*b**2 - 4320*b + 4363. What is z(-121)?
7
Let j(g) = -178*g**2 - 2136*g - 5. Calculate j(-12).
-5
Let p(v) = -8*v**3 + 8*v**2 + 12*v - 95. Determine p(4).
-431
Let c(s) = s**3 - 52*s**2 + 55*s + 54. Calculate c(51).
258
Let n(y) = 3*y**2 - 250*y + 5145. Give n(62).
1177
Let b(z) = 4272*z - 239132. What is b(56)?
100
Let b(s) = s**3 - 101*s**2 + 88*s + 23. What is b(100)?
-1177
Let j(w) = 2*w**2 + 183*w - 881. Determine j(-96).
-17
Let k(j) = -359*j**2 - 55641*j + 616. Calculate k(-155).
-4
Let h(s) = 14*s**3 + 2736*s**2 + 3881*s + 217. What is h(-194)?
23
Let z(h) = 602*h**2 - 10821*h - 168. Give z(18).
102
Let d(w) = -7*w**2 - 305*w - 732. Calculate d(-42).
-270
Let o(a) = 132*a**2 - 268*a - 10597. Give o(-8).
-5
Let y(t) = 88*t**2 + 309*t - 608. Give y(2).
362
Let r(a) = -487*a + 39918. Give r(82).
-16
Let x(l) = -l**3 - l**2 - 304*l + 1511. What is x(5)?
-159
Let i(q) = -1018*q - 25703. Determine i(-25).
-253
Let i(h) = h**2 - 37719*h - 603766. Determine i(-16).
-6
Let g(n) = -n**3 - 146*n**2 - 502*n + 28619. Give g(-141).
-4
Let b(y) = 10*y**3 - 75*y**2 - y - 89. Determine b(7).
-341
Let g(y) = 5*y**3 - 104*y**2 + 29*y - 44. Determine g(21).
1006
Let n(l) = -52563*l + 946192. Calculate n(18).
58
Let j(s) = 45*s**2 - 339*s - 1466. Calculate j(11).
250
Let f(k) = -1748*k**3 + 9*k**2 + 17*k - 18. What is f(1)?
-1740
Let g(u) = 246*u**2 + 1951*u - 162. Calculate g(-8).
-26
Let u(q) = 49*q - 760. What is u(-4)?
-956
Let u(t) = -254*t + 5567. Calculate u(22).
-21
Let b(q) = 3*q**2 - 90*q - 7. Determine b(10).
-607
Let d(g) = -6*g**3 - 36*g**2 + 116*g + 718. Calculate d(-6).
22
Let x(g) = -g**2 + 28671*g - 372556. Calculate x(13).
-2
Let d(l) = -l**2 - 1760*l - 92524. Calculate d(-54).
-400
Let q(m) = -650*m - 212392. Calculate q(-328).
808
Let v(b) = -4298*b + 919768. Give v(214).
-4
Let u(v) = 2*v**3 + 201*v**2 + 2016*v - 2749. Determine u(-89).
10
Let t(l) = l**2 - 240*l + 6480. Calculate t(209).
1
Let v(j) = -j**2 + 74*j + 544. Determine v(-10).
-296
Let v(f) = 423*f - 18357. Give v(43).
-168
Let v(g) = -g**3 - 79*g**2 + 41906*g - 1479. What is v(-248)?
9
Let x(b) = b**3 - 8*b**2 - 401*b + 2558. Calculate x(6).
80
Let d(o) = -o**3 + 11*o**2 - 87*o + 514. Determine d(8).
10
Let m(p) = -11*p**3 - 140*p**2 - 69*p + 319. Determine m(-12).
-5
Let q(k) = -39*k**2 - 437*k - 521. Give q(-10).
-51
Let w(a) = -2*a**3 + 189*a**2 + 114*a - 1641. Determine w(95).
164
Let q(p) = 2*p**3 - 32*p**2 + 55*p - 74. Determine q(14).
-88
Let p(a) = 54598*a - 109186. Give p(2).
10
Let q(l) = -2*l**3 - 1896*l**2 - 7572*l - 18887. What is q(-944)?
-7
Let n(k) = k**2 - 73*k + 566. What is n(64)?
-10
Let a(r) = -442274*r + 3980459. What is a(9)?
-7
Let o(a) = -8425*a - 7861. Determine o(-1).
564
Let h(j) = -j**2 - 1369*j + 589260. Give h(344).
-12
Let b(n) = -16429*n - 82168. Calculate b(-5).
-23
Let h(s) = 1720*s + 3302. Calculate h(-2).
-138
Let d(v) = -v**3 + 93*v**2 + 934*v + 96. Determine d(-9).
-48
Let y(f) = 788*f - 8769. Give y(12).
687
Let f(y) = -2*y**2 - 686*y - 45538. Give f(-253).
2
Let f(k) = 2963*k + 44446. What is f(-15)?
1
Let d(p) = p**3 - 2*p**2 - 248*p - 112. What is d(17)?
7
Let q(r) = 6*r**2 - 222*r + 1878. Calculate q(13).
6
Let w(p) = -37421*p + 673579. Give w(18).
1
Let a(d) = -2*d**2 - 141*d - 990. Give a(-65).
-275
Let q(m) = -612*m + 12180. Give q(21).
-672
Let x(c) = -27887*c + 6246683. Give x(224).
-5
Let s(u) = 3*u**3 - 537*u**2 + 4099*u + 570. What is s(171)?
-285
Let i(h) = -8*h**2 + 1842*h - 496. What is i(230)?
-36
Let d(b) = -b**3 - 154*b**2 + 1297*b - 454. Calculate d(-162).
-616
Let w(j) = 8289*j - 10469012. Determine w(1263).
-5
Let w(h) = 3*h**3 + 2321*h**2 + 17638*h + 15339. Determine w(-766).
19
Let h(o) = -56598*o**2 - 339587*o + 1. Give h(-6).
-5
Let g(z) = z**3 + 224*z**2 + 12657*z + 17580. Give g(-118).
-2
Let p(v) = v**3 - 59*v**2 + 780*v - 5. What is p(39)?
-5
Let p(c) = -1617*c + 26155. Calculate p(17).
-1334
Let j(b) = -282*b**2 - 577*b - 1130. Give j(-2).
-1104
Let j(r) = 8*r**2 - 13143*r + 26285. Determine j(2).
31
Let b(r) = -r**2 + 179112*r - 3939986. Determine b(22).
-6
Let q(r) = r**2 + 1517*r - 22955. Calculate q(15).
25
Let t(n) = n**3 - 2*n**2 + 1230*n + 4886. Calculate t(-4).
-130
Let u(s) = -245*s**2 - 201*s + 405. Calculate u(2).
-977
Let h(g) = -3*g**2 - 3655*g - 141401. Calculate h(-40).
-1
Let y(i) = -52*i**2 + 11082*i - 11081. Calculate y(1).
-51
Let l(p) = 129*p - 2944. Give l(16).
-880
Let v(b) = -5*b**2 - 104*b + 6133. What is v(-47)?
-24
Let l(t) = 6956*t - 29972. Determine l(4).
-2148
Let r(n) = 1138*n - 29576. Give r(25).
-1126
Let b(p) = 64*p**2 + 396*p - 1570. Determine b(4).
1038
Let n(x) = -x**3 + 103*x**2 + 44222*x + 281. Determine n(-165).
-49
Let i(g) = -603*g**2 + 8379*g + 846. Determine i(14).
-36
Let s(k) = 3*k**3 + 566*k**2 - 388*k - 37607. Give s(-189).
4
Let h(a) = 2*a**2 + 37*a - 301. Give h(15).
704
Let w(d) = 2*d**3 - 60*d**2 + 272*d - 11. Determine w(25).
539
Let n(g) = 206*g**2 + 2470*g - 24. What is n(-12)?
0
Let c(j) = 24*j**3 + 189*j**2 + 116*j - 226. What is c(-7)?
-9
Let h(w) = 2*w**3 + 18*w**2 + 821*w + 8399. Calculate h(-10).
-11
Let v(s) = -s**3 - 33*s**2 + 259*s - 327. What is v(-40)?
513
Let v(q) = 80101*q + 800996. Determine v(-10).
-14
Let d(w) = -4*w**2 + 572*w + 17216. Calculate d(-26).
-360
Let j(o) = -64*o**2 + 16214*o - 5581. Give j(253).
-15
Let j(q) = -q**2 + 235*q - 2693. Give j(223).
-17
Let k(r) = -10242*r - 1382672. Calculate k(-135).
-2
Let c(n) = 3*n**3 - 438*n**2 + 885*n - 43. Calculate c(2).
-1
Let j(y) = -y**3 - 21*y**2 + 772*y - 33. Determine j(-40).
-513
Let u(h) = 5548*h - 44389. Calculate u(8).
-5
Let w(o) = -o**3 - 17*o**2 - 114*o - 386. Give w(-8).
-50
Let w(k) = 4437*k + 17430. What is w(-4)?
-318
Let v(b) = -1333*b - 8467. Determine v(-6).
-469
Let h(z) = -2*z**3 - 11*z**2 - 32115*z - 192708. What is h(-6)?
18
Let s(y) = 11*y**2 - 465*y + 3413. Determine s(9).
119
Let w(x) = 29*x**3 - 260*x**2 + 69*x - 711. Determine w(9).
-9
Let i(m) = 9*m**3 + 6*m**2 - 564*m - 2274. What is i(-4)?
-498
Let q(y) = y**2 - 55*y - 159. What is q(49)?
-453
Let q(d) = 4232*d**2 + 12695*d + 8. Give q(-3).
11
Let u(n) = -193*n - 43214. What is u(-224)?
18
Let z(o) = -6390*o - 63870. Give z(-10).
30
Let d(p) = -140*p**2 + 9*p + 43. Calculate d(-2).
-535
Let u(i) = -14*i**3 - 615*i**2 + 71*i + 1178. Give u(-44).
-10
Let n(z) = -70294*z - 1757365. Give n(-25).
-15
Let a(g) = 52*g**2 + 77*g - 126. What is a(2)?
236
Let o(r) = -r**2 - 12954*r - 555178. Calculate o(-43).
-5
Let b(h) = h**2 - 140*h + 2492. Calculate b(95).
-1783
Let v(s) = s**3 + 95*s**2 + 425*s + 116194. Determine v(-102).
16
Let o(t) = -189*t + 6754. Determine o(37).
-239
Let p(t) = t**3 - 21*t**2 + 67*t + 117. What is p(6)?
-21
Let v(g) = -2*g**3 + 155*g**2 + 92*g + 1216. Determine v(78).
2308
Let x(o) = o**3 - 28*o**2 - 230*o - 2088. Determine x(36).
0
Let z(y) = 13099*y - 1192010. Give z(91).
-1
Let o(x) = 1785*x - 42958. Determine o(24).
-118
Let u(l) = -5473*l + 5685. What is u(1)?
212
Let i(x) = -168*x**2 + 40324*x - 33. Give i(240).
927
Let j(t) = -28*t**2 + 708*t - 364. What is j(24)?
500
Let d(x) = 